{"id":1395,"date":"2018-06-11T14:27:27","date_gmt":"2018-06-11T12:27:27","guid":{"rendered":"http:\/\/localhost\/Bitbucket\/dechert_bluemig\/?page_id=1395"},"modified":"2024-03-22T07:33:58","modified_gmt":"2024-03-22T06:33:58","slug":"geschaeftsfuehrung","status":"publish","type":"page","link":"https:\/\/www.dechertbluemig.de\/index.php\/unternehmen\/geschaeftsfuehrung\/","title":{"rendered":"Gesch\u00e4ftsf\u00fchrung &#038; Team"},"content":{"rendered":"<div id=\"pl-1395\"  class=\"panel-layout\" ><div id=\"pg-1395-0\"  class=\"panel-grid panel-no-style\" ><div id=\"pgc-1395-0-0\"  class=\"panel-grid-cell\" ><div id=\"panel-1395-0-0-0\" class=\"so-panel widget widget_gyse-wpm-headline-subheadline-text panel-first-child\" data-index=\"0\" ><div\n\t\t\t\n\t\t\tclass=\"so-widget-gyse-wpm-headline-subheadline-text so-widget-gyse-wpm-headline-subheadline-text-gyse-wpm-headline-subheadline-text-style-d75171398898-1395\"\n\t\t\t\n\t\t><div class=\"gyse-so-widget primary-color\">\n\t<div class=\"so-widget-headline-subheadline-text\">\n\t\t<div class=\"grid-container padding extrapadding\">\n\t\t\t<div class=\"grid-x grid-padding-x grid-margin-x text-left\">\n\t\t\t\t<div class=\"cell\">\n\t\t\t\t\t<h1>Die Gesch\u00e4ftsf\u00fchrung<\/h1>\t\t\t\t\t<h2>mit jeweils \u00fcber 25 Jahren Erfahrung <\/h2>\t\t\t\t\t\t\t\t\t<\/div>\n\t\t\t<\/div>\n\t\t<\/div>\n\t<\/div>\n<\/div>\n<\/div><\/div><div id=\"panel-1395-0-0-1\" class=\"so-panel widget widget_gyse-wpm-employee\" data-index=\"1\" ><div\n\t\t\t\n\t\t\tclass=\"so-widget-gyse-wpm-employee so-widget-gyse-wpm-employee-gyse-wpm-employee-style-d75171398898-1395\"\n\t\t\t\n\t\t>\n<div class=\"gyse-so-widget primary-color\">\n\t<div class=\"so-widget-employee\">\n\t\t<div class=\"grid-container padding\">\n\t\t\t<div class=\"grid-x grid-padding-x grid-margin-x align-middle grid-padding-y \">\n\t\t\t\t<div class=\"cell small-12 semi_medium-3\"><img decoding=\"async\" src=\"https:\/\/www.dechertbluemig.de\/wp-content\/uploads\/2019\/04\/Ulrich-Lumper-768x1055.jpg\" \/><\/div><div class=\"cell small-12 semi_medium-9\"><h1>Ulrich Lumper, Dipl.-Kfm.<\/h1><h2>Gesch\u00e4ftsf\u00fchrer<\/h2><p><p><a href=\"https:\/\/www.dechertbluemig.de\/wp-content\/uploads\/2024\/03\/Zertifikat_\u00a726a_WEG_U_Lumper_Geb_Web.pdf\" target=\"_blank\" rel=\"noopener\"><u>Zertifizierter Verwalter nach \u00a7 26a WEG<\/u><\/a><\/p>\n<\/p><\/div><div class=\"cell small-12 semi_medium-3\"><img decoding=\"async\" src=\"https:\/\/www.dechertbluemig.de\/wp-content\/uploads\/2019\/04\/Markus-Fischer-768x1054.jpg\" \/><\/div><div class=\"cell small-12 semi_medium-9\"><h1>Markus Fischer, Dipl.-Vw.<\/h1><h2>Gesch\u00e4ftsf\u00fchrer<\/h2><p><p><a href=\"https:\/\/www.dechertbluemig.de\/wp-content\/uploads\/2024\/03\/Zertifikat_\u00a726a_WEG_M_Fischer_Geb_Web.pdf\" target=\"_blank\" rel=\"noopener\"><u>Zertifizierter Verwalter nach \u00a7 26a WEG<\/u><\/a><\/p>\n<\/p><\/div>\t\t\t<\/div>\n\t\t<\/div>\n\t<\/div>\n<\/div>\n\n<\/div><\/div><div id=\"panel-1395-0-0-2\" class=\"so-panel widget widget_gyse-wpm-headline-subheadline-text\" data-index=\"2\" ><div\n\t\t\t\n\t\t\tclass=\"so-widget-gyse-wpm-headline-subheadline-text so-widget-gyse-wpm-headline-subheadline-text-gyse-wpm-headline-subheadline-text-style-d75171398898-1395\"\n\t\t\t\n\t\t><div class=\"gyse-so-widget secondary-color\">\n\t<div class=\"so-widget-headline-subheadline-text\">\n\t\t<div class=\"grid-container padding \">\n\t\t\t<div class=\"grid-x grid-padding-x grid-margin-x text-left\">\n\t\t\t\t<div class=\"cell\">\n\t\t\t\t\t<h1>Unser Team<\/h1>\t\t\t\t\t<h2>Das sind unsere Teammitglieder<\/h2>\t\t\t\t\t\t\t\t\t<\/div>\n\t\t\t<\/div>\n\t\t<\/div>\n\t<\/div>\n<\/div>\n<\/div><\/div><div id=\"panel-1395-0-0-3\" class=\"so-panel widget widget_gyse-wpm-round-image-teaser panel-last-child\" data-index=\"3\" ><div\n\t\t\t\n\t\t\tclass=\"so-widget-gyse-wpm-round-image-teaser so-widget-gyse-wpm-round-image-teaser-gyse-wpm-round-image-teaser-style-d75171398898-1395\"\n\t\t\t\n\t\t>\n<div class=\"gyse-so-widget secondary-color\">\n\t<div class=\"so-widget-round-image-teaser\">\n\t\t<div class=\"grid-container padding\">\n\t\t\t<div class=\"grid-x grid-margin-x grid-padding-x grid-margin-y\">\n\t\t\t\t\t\t\t\t<div class=\"small-12 medium-6 large-4 cell text-center\">\n\t\t\t\t\t<img decoding=\"async\" src=\"https:\/\/www.dechertbluemig.de\/wp-content\/uploads\/2019\/04\/Rebekka-Knapp-768x1152.jpg\" \/><h2>Rebekka Knapp <\/h2><p>WEG- und Betriebskostenabrechnung<\/p><p><a href=\"https:\/\/www.dechertbluemig.de\/wp-content\/uploads\/2024\/03\/Zertifikat_\u00a726a_WEG_R_Knapp_Geb_Web.pdf\" target=\"_blank\" rel=\"noopener\" style=\"font-weight: 400;\"><u>Zertifizierter Verwalter nach \u00a7 26a WEG<\/u><\/a><\/p>\t\t\t\t<\/div>\n\t\t\t\t\t\t\t\t<div class=\"small-12 medium-6 large-4 cell text-center\">\n\t\t\t\t\t<img decoding=\"async\" src=\"https:\/\/www.dechertbluemig.de\/wp-content\/uploads\/2019\/02\/employee-w.jpg\" \/><h2>Caroline Rauguth<\/h2><p>Objektbuchhaltung Miete<\/p><p><a href=\"https:\/\/www.dechertbluemig.de\/wp-content\/uploads\/2024\/03\/Zertifikat_\u00a726a_WEG_C_Rauguth_Web.pdf\" target=\"_blank\" rel=\"noopener\" style=\"font-weight: 400;\"><u>Zertifizierter Verwalter nach \u00a7 26a WEG<\/u><\/a><\/p>\t\t\t\t<\/div>\n\t\t\t\t\t\t\t\t<div class=\"small-12 medium-6 large-4 cell text-center\">\n\t\t\t\t\t<img decoding=\"async\" src=\"https:\/\/www.dechertbluemig.de\/wp-content\/uploads\/2019\/02\/employee-w.jpg\" \/><h2>J. Lippert<\/h2><p>Backoffice<\/p>\t\t\t\t<\/div>\n\t\t\t\t\t\t\t<\/div>\n\t\t<\/div>\n\t<\/div>\n<\/div><\/div><\/div><\/div><\/div><\/div>","protected":false},"excerpt":{"rendered":"<p>Die Gesch\u00e4ftsf\u00fchrung mit jeweils \u00fcber 25 Jahren Erfahrung Ulrich Lumper, Dipl.-Kfm.Gesch\u00e4ftsf\u00fchrerZertifizierter Verwalter nach \u00a7 26a WEG Markus Fischer, Dipl.-Vw.Gesch\u00e4ftsf\u00fchrerZertifizierter Verwalter nach \u00a7 26a WEG Unser Team Das sind unsere Teammitglieder Rebekka Knapp WEG- und BetriebskostenabrechnungZertifizierter Verwalter nach \u00a7 26a WEG Caroline RauguthObjektbuchhaltung MieteZertifizierter Verwalter nach \u00a7 26a WEG J. LippertBackoffice<\/p>\n","protected":false},"author":1,"featured_media":2652,"parent":1074,"menu_order":0,"comment_status":"closed","ping_status":"closed","template":"page-templates\/page-full-width.php","meta":{"_acf_changed":false,"footnotes":""},"class_list":["post-1395","page","type-page","status-publish","has-post-thumbnail","hentry"],"acf":[],"aioseo_notices":[],"_links":{"self":[{"href":"https:\/\/www.dechertbluemig.de\/index.php\/wp-json\/wp\/v2\/pages\/1395","targetHints":{"allow":["GET"]}}],"collection":[{"href":"https:\/\/www.dechertbluemig.de\/index.php\/wp-json\/wp\/v2\/pages"}],"about":[{"href":"https:\/\/www.dechertbluemig.de\/index.php\/wp-json\/wp\/v2\/types\/page"}],"author":[{"embeddable":true,"href":"https:\/\/www.dechertbluemig.de\/index.php\/wp-json\/wp\/v2\/users\/1"}],"replies":[{"embeddable":true,"href":"https:\/\/www.dechertbluemig.de\/index.php\/wp-json\/wp\/v2\/comments?post=1395"}],"version-history":[{"count":126,"href":"https:\/\/www.dechertbluemig.de\/index.php\/wp-json\/wp\/v2\/pages\/1395\/revisions"}],"predecessor-version":[{"id":2817,"href":"https:\/\/www.dechertbluemig.de\/index.php\/wp-json\/wp\/v2\/pages\/1395\/revisions\/2817"}],"up":[{"embeddable":true,"href":"https:\/\/www.dechertbluemig.de\/index.php\/wp-json\/wp\/v2\/pages\/1074"}],"wp:featuredmedia":[{"embeddable":true,"href":"https:\/\/www.dechertbluemig.de\/index.php\/wp-json\/wp\/v2\/media\/2652"}],"wp:attachment":[{"href":"https:\/\/www.dechertbluemig.de\/index.php\/wp-json\/wp\/v2\/media?parent=1395"}],"curies":[{"name":"wp","href":"https:\/\/api.w.org\/{rel}","templated":true}]}}